1552477.
2957, 105361
List the prime factors of 61407642.
2, 3, 37, 163, 1697
List the prime factors of 16671898.
2, 241, 34589
What are the prime factors of 2167030010?
2, 5, 216703001
What are the prime factors of 25228628?
2, 613, 10289
What are the prime factors of 151534468?
2, 37883617
What are the prime factors of 3211424959?
857, 1453, 2579
What are the prime factors of 522515258?
2, 37, 7061017
List the prime factors of 97343213.
11, 19, 109, 4273
What are the prime factors of 3566585654?
2, 41, 701, 62047
What are the prime factors of 18680666?
2, 41, 409, 557
List the prime factors of 270731720.
2, 5, 7, 311, 3109
What are the prime factors of 195381441?
3, 41, 529489
What are the prime factors of 37759263?
3, 12586421
List the prime factors of 3514480.
2, 5, 197, 223
What are the prime factors of 94999323?
3, 2999, 10559
List the prime factors of 4593299153.
19, 1151, 210037
What are the prime factors of 841140127?
17, 19, 103, 131, 193
List the prime factors of 397974235.
5, 523, 152189
What are the prime factors of 170151261?
3, 7, 8102441
List the prime factors of 926008256.
2, 14468879
List the prime factors of 93311653.
93311653
What are the prime factors of 792426804?
2, 3, 13, 390743
List the prime factors of 5041674691.
11783, 427877
List the prime factors of 226804275.
3, 5, 577, 1747
What are the prime factors of 182875238?
2, 7, 13, 37, 2089
List the prime factors of 1599905166.
2, 3, 4463, 59747
List the prime factors of 988166281.
233, 4241057
What are the prime factors of 457010595?
3, 5, 10155791
What are the prime factors of 80956159?
17, 23, 31, 6679
List the prime factors of 100467763.
11, 19, 480707
List the prime factors of 16549935.
3, 5, 463, 2383
What are the prime factors of 3694270610?
2, 5, 43, 8591327
What are the prime factors of 128090106?
2, 3, 71, 33409
What are the prime factors of 4868353734?
2, 3, 5419, 149731
List the prime factors of 6265898953.
47, 133316999
What are the prime factors of 1825494516?
2, 3, 3191, 5297
What are the prime factors of 58867825?
5, 29, 81197
What are the prime factors of 139459091?
139459091
List the prime factors of 229317228.
2, 3, 7, 113, 8053
List the prime factors of 267219090.
2, 3, 5, 17, 174653
List the prime factors of 4098175.
5, 163927
List the prime factors of 211597458.
2, 3, 35266243
List the prime factors of 559693818.
2, 3, 661, 47041
List the prime factors of 723807198.
2, 3, 17, 239, 3299
What are the prime factors of 49611347?
3769, 13163
What are the prime factors of 196060452?
2, 3, 7, 977, 2389
List the prime factors of 68525117.
68525117
List the prime factors of 310724675.
5, 12428987
List the prime factors of 303679570.
2, 5, 83, 89, 4111
List the prime factors of 4285970455.
5, 13, 65938007
List the prime factors of 191120828.
2, 31, 1541297
What are the prime factors of 138612662?
2, 17, 103, 39581
What are the prime factors of 476254478?
2, 7, 47, 723791
What are the prime factors of 4287180172?
2, 11, 97435913
What are the prime factors of 883838778?
2, 3, 147306463
List the prime factors of 1077016747.
3191, 337517
List the prime factors of 1465409780.
2, 5, 269, 272381
What are the prime factors of 64412690?
2, 5, 6441269
What are the prime factors of 206144403?
3, 68714801
What are the prime factors of 1326284545?
5, 163, 1019, 1597
List the prime factors of 3699314834.
2, 37, 103, 485347
What are the prime factors of 396705048?
2, 3, 16529377
List the prime factors of 183024895.
5, 149, 245671
What are the prime factors of 205594662?
2, 3, 7, 13, 376547
What are the prime factors of 9242774?
2, 31, 149077
List the prime factors of 238104091.
17, 167, 83869
What are the prime factors of 28038330?
2, 3, 5, 311537
List the prime factors of 5340003.
3, 1780001
List the prime factors of 1294250566.
2, 7, 53, 1744273
What are the prime factors of 797714437?
13, 61362649
List the prime factors of 206634950.
2, 5, 541, 7639
What are the prime factors of 3180452553?
3, 117794539
List the prime factors of 16922555.
5, 13, 139, 1873
List the prime factors of 87999051.
3, 7, 19, 643
What are the prime factors of 3898193692?
2, 974548423
What are the prime factors of 335074173?
3, 7, 15955913
What are the prime factors of 17753813?
7, 11, 97, 2377
What are the prime factors of 34043171?
113, 301267
What are the prime factors of 36513803?
113, 323131
List the prime factors of 376955383.
7, 19, 103, 3931
What are the prime factors of 162156410?
2, 5, 13, 467, 2671
List the prime factors of 2525734751.
13367, 188953
What are the prime factors of 5974464781?
5974464781
What are the prime factors of 76513028?
2, 19128257
List the prime factors of 110440092.
2, 3, 7, 17, 77339
What are the prime factors of 3492511174?
2, 1746255587
What are the prime factors of 559443983?
7, 4211, 18979
What are the prime factors of 356847729?
3, 7, 16992749
What are the prime factors of 3902754231?
3, 101, 159017
What are the prime factors of 1797224220?
2, 3, 5, 11, 302563
List the prime factors of 108314461.
47, 2304563
What are the prime factors of 1785684572?
2, 7, 5113, 12473
What are the prime factors of 1583525443?
419, 3779297
What are the prime factors of 476992478?
2, 238496239
What are the prime factors of 728891?
728891
What are the prime factors of 136962328?
2, 113, 151507
List the prime factors of 115171176.
2, 3, 647, 7417
What are the prime factors of 478196804?
2, 119549201
List the prime factors of 3927112514.
2, 13, 43, 3512623
What are the prime factors of 3332087181?
3, 1607, 230387
List the prime factors of 68788728.
2, 3, 199, 4801
What are the prime factors of 65796527?
65796527
What are the prime factors of 249210310?
2, 5, 17, 1465943
List the prime factors of 942985691.
41, 421, 54631
What are the prime factors of 503414093?
7, 13, 790289
What are the prime factors of 212819644?
2, 23, 257, 9001
List the prime factors of 159253923.
3, 53, 71, 14107
List the prime factors of 440820255.
3, 5, 29388017
What are the prime factors of 177223876?
2, 44305969
List the prime factors of 664868130.
2, 3, 5, 17, 23, 56681
What are the prime factors of 456457290?
2, 3, 5, 313, 48611
List the prime factors of 129328627.
223, 579949
List the prime factors of 64985294.
2, 11, 1039, 2843
What are the prime factors of 262893904?
2, 7, 13, 103, 1753
What are the prime factors of 389684600?
2, 5, 29, 67187
What are the prime factors of 118624736?
2, 1123, 3301
What are the prime factors of 551959966?
2, 4621, 59723
List the prime factors of 300606509.
7, 479, 89653
What are the prime factors of 139318351?
139318351
What are the prime factors of 73847754?
2, 3, 1367551
List the prime factors of 236630458.
2, 1753, 67493
List the prime factors of 378697001.
23, 43, 47, 8147
What are the prime factors of 92674067?
61, 719, 2113
List the prime factors of 2387459392.
2, 37304053
List the prime factors of 17778403.
113, 131, 1201
List the prime factors of 3919032.
2, 3, 13, 53, 79
What are the prime factors of 2369048844?
2, 3, 197420737
What are the prime factors of 678900880?
2, 5, 7, 173189
List the prime factors of 314166673.
199, 1578727
What are the prime factors of 12939615?
3, 5, 13, 73, 101
What are the prime factors of 965144194?
2, 7, 5347, 12893
List the prime factors of 1154546838.
2, 3, 1117, 19141
What are the prime factors of 479327172?
2, 3, 17, 2349643
What are the prime factors of 2122017608?
2, 8429, 31469
List the prime factors of 29327472.
2, 3, 203663
List the prime factors of 209062884.
2, 3, 31, 561997
What are the prime factors of 1819817102?
2, 37, 173, 142151
List the prime factors of 65091247.
13, 223, 22453
What are the prime factors of 1437903189?
3, 159767021
List the prime factors of 47240854.
2, 23620427
List the prime factors of 12486100.
2, 5, 11, 11351
List the prime factors of 353329214.
2, 7, 29, 487, 1787
List the prime factors of 327070657.
1997, 163781
List the prime factors of 50557885.
5, 7, 349, 4139
What are the prime factors of 2554808579?
43, 59414153
What are the prime factors of 37673712?
2, 3, 397, 659
List the prime factors of 101877699.
3, 7, 11, 441029
What are the prime factors of 316287814?
2, 199, 794693
What are the prime factors of 167016698?
2, 41, 601, 3389
What are the prime factors of 92571499?
9257149